 the prime factors of m.
2
Suppose 2*l - h - 125 = 0, -4*l = -0*l - 4*h - 244. Suppose 0*j + j - 20 = -2*z, 4*z - 4*j = l. List the prime factors of z.
2, 3
Let r = -21 + 36. Let k = 25 - r. What are the prime factors of k?
2, 5
Let g(q) = 10*q**3 - 3*q**2 - q + 1. Let c be g(-2). Let o = -63 - c. List the prime factors of o.
2, 13
What are the prime factors of (-165)/(-2) - 14/28?
2, 41
Let i be -87*(16/(-6) + 2). Suppose v = 3*v - i. What are the prime factors of v?
29
Let t = -35 - -41. List the prime factors of t.
2, 3
Suppose 57 = 7*w - 4*w. Let f = -14 - -25. Let o = w - f. List the prime factors of o.
2
Suppose -10 = -5*l + 3*l. List the prime factors of (-2)/(-5) - (-208)/l.
2, 3, 7
List the prime factors of ((-17)/(-3))/((-10)/(-30)).
17
Let z(d) = -8*d**2 + 6*d**3 - 5*d**3 + d + 0 + 2. Let x(f) = -2*f - 4. Let y be x(-6). List the prime factors of z(y).
2, 5
Let c(t) = 17*t + 4. Let v be c(3). Suppose -3*w - 2*d = -v, w = 2*w + 2*d - 17. Suppose 5 + w = 2*j. What are the prime factors of j?
2, 3
Let g(o) = 3*o**3 - 2. Let h be g(2). Suppose 0 = -2*t + h + 54. What are the prime factors of t?
2, 19
What are the prime factors of 2*(-5)/(40/(-36))?
3
Suppose 0 = -s - 25 + 75. Let q = s + -9. List the prime factors of q.
41
Suppose -3*a + 4*a + 5 = 0. Suppose 2*h = 5*p - 28 - 1, -2*h + 27 = 3*p. Let y = p + a. List the prime factors of y.
2
Let h(k) = 4*k**3 - 2*k + 1. Suppose 4*j - 2 = 6. Let g be h(j). Suppose 0 = 5*s - 79 + g. List the prime factors of s.
2, 5
Let c = 83 - 30. List the prime factors of c.
53
List the prime factors of (-4)/10 + 414/10.
41
Suppose 2*m + 0*x - 2 = 2*x, 2*x = 8. Suppose 0 = -n - 18 + 72. Suppose -3*z - 27 = -3*t, -5*t - m*z + z + n = 0. What are the prime factors of t?
2, 5
Let a(z) = -10*z - 1. Let m be a(1). Let o(j) = 6*j - 39. Let q be o(5). Let t = q - m. What are the prime factors of t?
2
Let s(n) = -n**3 - 8*n**2 - 7*n - 2. Let c be s(-7). Let w be 1/c - 38/(-4). List the prime factors of w/(-3)*11/(-3).
11
What are the prime factors of (-190)/(-4) - 11/(-22)?
2, 3
Suppose 4*q + 132 = 2*n - 112, 452 = 4*n + q. What are the prime factors of n?
2, 3, 19
What are the prime factors of (281/2 + 1)*(11 + -9)?
283
Let y(q) be the first derivative of q**4/4 - 8*q**3/3 - 5*q**2/2 - 10*q - 6. List the prime factors of y(9).
2, 13
Let q be (-2 - -2)/((-5)/5). Let o = 45 + q. List the prime factors of o.
3, 5
Let k(p) = -32*p + 1. Let c(m) = -m. Let a(z) = -4*c(z) + k(z). What are the prime factors of a(-1)?
29
Suppose -4*s = 2 + 6, -5*j + 2*s + 4 = 0. Suppose j = -0*l - 4*l + 68. List the prime factors of l.
17
Let k(i) = -i**2 + 5*i + 5. Let v be k(5). Let g be (2/3)/(6/18). Suppose -u + v*j - 2 = 0, g*j + 34 = 4*u + 3*j. What are the prime factors of u?
2
Suppose 0 = 5*s + 19 + 6. Let x(d) = -3*d - 1. List the prime factors of x(s).
2, 7
Suppose 3*u + 4*l - 162 = u, 0 = 5*u + l - 423. List the prime factors of u.
5, 17
Suppose 150 = 2*h + 3*h - 3*w, -3*h + 90 = 2*w. Let a = -17 + h. List the prime factors of a.
13
Let l = -107 - -173. What are the prime factors of l?
2, 3, 11
Suppose 0 = 3*b - 179 + 308. Suppose 3*h = 159 + 21. Let k = h + b. What are the prime factors of k?
17
Suppose z + 0*z = 159. Suppose -z + 484 = 5*f. Suppose -5*l - 3*c + f = 0, 4*l + 5*c = -0*l + 65. List the prime factors of l.
2, 5
Let g(r) = -r**2 + 7*r - 3. Let l be g(6). Let v be (-3)/l*(-14 + 2). Suppose v = -0*z + 4*z - 2*t, -4*z + 12 = -t. List the prime factors of z.
3
Let d be (-627)/(-12) - 1/4. Suppose 2*x - d = -2*x. List the prime factors of x.
13
What are the prime factors of 2/(4*2/32)?
2
Let i = 2 + 2. Let n(m) = m - 2. Let k be n(i). Let b(w) = 2*w**3 + 3*w - 3. List the prime factors of b(k).
19
Suppose -3*r + 50 + 97 = 0. Let o be 222/7 - (-14)/r. Let w = o + -17. List the prime factors of w.
3, 5
Suppose -j = 4*w - 38 - 24, 2*j = w - 20. Suppose m - w = -3*m. Suppose 3*k - 15 - 21 = 3*p, m*p + 21 = k. What are the prime factors of k?
3
Suppose 4*t - 4 - 4 = 0. Suppose 2*w = -t*w + 20. What are the prime factors of w/((-10)/(-6)) - -6?
3
Let n(b) = -b**3 - 3*b**2 + 4*b + 6. Let t be 8/(-1 + -1) + 0. List the prime factors of n(t).
2, 3
Suppose -4*p + 238 = -5*b + 10, 12 = -3*b. List the prime factors of p.
2, 13
Let m = -93 - -226. What are the prime factors of m?
7, 19
Let c be (-1)/(6/(-9) - -1). Let k(v) = v**3 + 4*v**2 + v. What are the prime factors of k(c)?
2, 3
Let z = 3 + 1. Suppose -z*q + 50 = 2*w, 2*w + 4*q - q - 51 = 0. What are the prime factors of w?
3
Suppose 6 = 2*x + 20. What are the prime factors of (-1 - (-3 + x)) + 2?
11
Suppose -2*h + 0*h + 228 = 0. List the prime factors of h.
2, 3, 19
List the prime factors of 57 + (6/15)/((-2)/(-5)).
2, 29
Let f = 20 + -21. List the prime factors of (-250)/(-30) - f/(-3).
2
Suppose -15 = -4*n - 3. Suppose 40 = z + n*z. List the prime factors of z.
2, 5
Let h = 138 + -78. List the prime factors of h.
2, 3, 5
Let j = -45 + 29. Let u be 23 + (1 - 0)*-1. Let o = u + j. What are the prime factors of o?
2, 3
List the prime factors of (-21 - -20)/((-2)/134).
67
Let x be (6/4)/(12/(-16)). List the prime factors of -11*((-4)/x)/(-2).
11
Suppose -m + v + 5 = 0, 6 = -4*v + 2. List the prime factors of m.
2
Let k = -5 - -6. Let u = k - 0. Suppose -4*c + u = -47. What are the prime factors of c?
2, 3
Let z(l) = -4*l + 4. Let k be z(2). Let q(h) = h**3 + 4*h**2 - 2*h - 1. What are the prime factors of q(k)?
7
List the prime factors of (48 + 3)/(1 + 2).
17
Let l(n) = n**3 - n**2 - 4*n - 2. What are the prime factors of l(3)?
2
Let l = 174 - 124. What are the prime factors of l?
2, 5
Suppose -2*y - 26 = 2. Let g = y + 25. What are the prime factors of g?
11
Suppose -20*d = -13*d - 1750. List the prime factors of d.
2, 5
Let f(t) = -t**3 + t**2 + 16. Suppose d = -x + 1, -4*d - 5*x + 0*x + 5 = 0. List the prime factors of f(d).
2
Suppose -216 - 56 = -8*v. List the prime factors of v.
2, 17
Suppose -5*p + 4 = -1. What are the prime factors of (p + 12)/(5 + -4)?
13
Suppose 0*s + 2*s - 4 = 0, -11 = -5*u + 2*s. Let d be 5 - (0 + u + 0). Suppose -39 = -3*a - i, -6*a - 4*i + 52 = -d*a. List the prime factors of a.
13
Suppose 5*r = -5*v + 98 + 112, -12 = 4*r. What are the prime factors of v?
3, 5
Let t(d) = -12*d + 6. Let q be t(-7). Let r = q - 39. List the prime factors of r.
3, 17
Let d(u) = -u**2 + 4*u + 2. Let r be d(4). Let n(l) = 2*l + l**3 - 8*l**3 + 0*l**r + l**2 + 1. What are the prime factors of n(-1)?
7
Let w be (-2)/3 + (-17)/(-3). Suppose 0*l - 20 = -w*l, f = -2*l + 18. What are the prime factors of f?
2, 5
Suppose -3*v + 9 - 51 = 0. Let k = v - -25. List the prime factors of k.
11
Let k(r) = -3*r**2 - 9*r + 5. Let c(h) = -5*h**2 - 18*h + 10. Let s(m) = -4*c(m) + 7*k(m). List the prime factors of s(6).
13
Suppose 0 = -2*v - 0*v + 10. Suppose -3*r - r + v*t + 24 = 0, 3*r - 4*t = 17. What are the prime factors of r?
11
Let t = -3 - -12. Let o = t - 2. List the prime factors of o.
7
List the prime factors of 177/(1*6/4).
2, 59
Let q(x) = x - 3 - 4*x + 0*x. Let a be (-2)/4 + 5/(-2). List the prime factors of q(a).
2, 3
What are the prime factors of 1*(4 - -107)/3?
37
Suppose -5*q = -d + 23, 2*d - 5 - 5 = q. Suppose -d + 16 = -3*n + g, -n - 9 = 2*g. Let f = -2 - n. List the prime factors of f.
3
Suppose 5*t + 238 = 3*f, 9 = -5*t - 16. What are the prime factors of f?
71
Suppose 0*g + 4*g = 20. Suppose k = -4*z + 37, 0 = 5*z - z - g*k - 31. List the prime factors of z.
3
Suppose -5*h + 30 + 510 = 0. Suppose -6 = 2*d - h. Suppose -5*q - p + 5*p = -d, 0 = 5*q - 3*p - 52. List the prime factors of q.
11
Suppose -2*h + 54 = -86. Suppose 2*z - h = -6. List the prime factors of z.
2
Let q(l) = -l**2 - 10*l + 1. Let v be q(-9). Let r = 34 - v. Let d = 40 - r. What are the prime factors of d?
2
Suppose -2*t = -4*t + 26. Let l(m) = -m**2 - 8*m + 5. Let y be l(-9). Let b = t + y. What are the prime factors of b?
3
Let t be (-6 - -7)/((-1)/(-25)). Let q = 40 - t. What are the prime factors of q?
3, 5
Suppose 4*i - 3*i - 830 = -5*g, 5*g - 830 = 2*i. What are the prime factors of g?
2, 83
What are the prime factors of -2*3/((-18)/465)?
5, 31
Let k = -66 + 30. Let n = k - -83. List the prime factors of n.
47
Let k(j) = 2*j**3 - 6*j**2 + 3*j - 4. Suppose -24 = -3*i + 4*b - 0*b, 5*i - 